{"id":4651,"date":"2024-07-26T11:05:41","date_gmt":"2024-07-26T09:05:41","guid":{"rendered":"https:\/\/soubre.diplomatie.gov.bf\/?page_id=4651"},"modified":"2024-12-10T13:17:06","modified_gmt":"2024-12-10T12:17:06","slug":"informations","status":"publish","type":"page","link":"https:\/\/soubre.diplomatie.gov.bf\/index.php\/informations\/","title":{"rendered":"Informations"},"content":{"rendered":"\t\t<div data-elementor-type=\"wp-page\" data-elementor-id=\"4651\" class=\"elementor elementor-4651\" data-elementor-post-type=\"page\">\n\t\t\t\t<div data-particle_enable=\"false\" data-particle-mobile-disabled=\"false\" class=\"elementor-element elementor-element-74e3b7d e-flex e-con-boxed e-con e-parent\" data-id=\"74e3b7d\" data-element_type=\"container\" data-e-type=\"container\">\n\t\t\t\t\t<div class=\"e-con-inner\">\n\t\t\t\t<div class=\"elementor-element elementor-element-fa8b9c7 elementor-widget elementor-widget-text-editor\" data-id=\"fa8b9c7\" data-element_type=\"widget\" data-e-type=\"widget\" data-widget_type=\"text-editor.default\">\n\t\t\t\t<div class=\"elementor-widget-container\">\n\t\t\t\t\t\t\t\t\t<p>La Diaspora burkinab\u00e8 est principalement\u00a0 organis\u00e9e suivant les acteurs principaux ci-dessous :<\/p><ul><li>le Chef de communaut\u00e9<\/li><li>les responsables d\u2019association<\/li><li>les organisations faiti\u00e8res (op\u00e9rateurs \u00e9conomiques, coop\u00e9rative)<\/li><li>les d\u00e9l\u00e9gu\u00e9s consulaires<\/li><li>les d\u00e9l\u00e9gu\u00e9s au CSBE<\/li><li>le cadre de concertation consulaire<\/li><\/ul><p>L\u2019encadrement et la sensibilisation de la communaut\u00e9 burkinab\u00e8, les organes et instances sont d\u00e9j\u00e0 cr\u00e9\u00e9s et ne demandent qu\u2019\u00e0 \u00eatre anim\u00e9s. C\u2019est ainsi que sur le terrain l\u2019on d\u00e9nombre 167 d\u00e9l\u00e9gu\u00e9s consulaires et cinq (5) d\u00e9l\u00e9gu\u00e9s au Conseil Sup\u00e9rieur des Burkinab\u00e8 de l\u2019Ext\u00e9rieur (CSBE).<\/p>\t\t\t\t\t\t\t\t<\/div>\n\t\t\t\t<\/div>\n\t\t\t\t\t<\/div>\n\t\t\t\t<\/div>\n\t\t\t\t<\/div>\n\t\t","protected":false},"excerpt":{"rendered":"<p>La Diaspora burkinab\u00e8 est principalement\u00a0 organis\u00e9e suivant les acteurs principaux ci-dessous : le Chef de communaut\u00e9 les responsables d\u2019association les organisations faiti\u00e8res (op\u00e9rateurs \u00e9conomiques, coop\u00e9rative) les d\u00e9l\u00e9gu\u00e9s consulaires les d\u00e9l\u00e9gu\u00e9s au CSBE le cadre de concertation consulaire L\u2019encadrement et la sensibilisation de la communaut\u00e9 burkinab\u00e8, les organes et instances sont d\u00e9j\u00e0 cr\u00e9\u00e9s et ne demandent [&hellip;]<\/p>\n","protected":false},"author":9,"featured_media":0,"parent":0,"menu_order":0,"comment_status":"closed","ping_status":"closed","template":"elementor_header_footer","meta":{"_acf_changed":false,"_monsterinsights_skip_tracking":false,"_monsterinsights_sitenote_active":false,"_monsterinsights_sitenote_note":"","_monsterinsights_sitenote_category":0,"footnotes":""},"class_list":["post-4651","page","type-page","status-publish","hentry"],"acf":[],"_links":{"self":[{"href":"https:\/\/soubre.diplomatie.gov.bf\/index.php\/wp-json\/wp\/v2\/pages\/4651","targetHints":{"allow":["GET"]}}],"collection":[{"href":"https:\/\/soubre.diplomatie.gov.bf\/index.php\/wp-json\/wp\/v2\/pages"}],"about":[{"href":"https:\/\/soubre.diplomatie.gov.bf\/index.php\/wp-json\/wp\/v2\/types\/page"}],"author":[{"embeddable":true,"href":"https:\/\/soubre.diplomatie.gov.bf\/index.php\/wp-json\/wp\/v2\/users\/9"}],"replies":[{"embeddable":true,"href":"https:\/\/soubre.diplomatie.gov.bf\/index.php\/wp-json\/wp\/v2\/comments?post=4651"}],"version-history":[{"count":7,"href":"https:\/\/soubre.diplomatie.gov.bf\/index.php\/wp-json\/wp\/v2\/pages\/4651\/revisions"}],"predecessor-version":[{"id":5163,"href":"https:\/\/soubre.diplomatie.gov.bf\/index.php\/wp-json\/wp\/v2\/pages\/4651\/revisions\/5163"}],"wp:attachment":[{"href":"https:\/\/soubre.diplomatie.gov.bf\/index.php\/wp-json\/wp\/v2\/media?parent=4651"}],"curies":[{"name":"wp","href":"https:\/\/api.w.org\/{rel}","templated":true}]}}